
2, 3, 61, 8147147
What are the prime factors of 5455631051?
13, 3727, 112601
List the prime factors of 113429117.
17, 6672301
What are the prime factors of 67426817?
67426817
What are the prime factors of 203131888?
2, 19, 691, 967
List the prime factors of 7350746.
2, 13, 29, 9749
What are the prime factors of 1054304325?
3, 5, 73, 64189
What are the prime factors of 496811249?
11, 593, 76163
What are the prime factors of 43827750?
2, 3, 5, 43, 151
List the prime factors of 84252670.
2, 5, 47, 179261
List the prime factors of 1515025171.
11, 137729561
List the prime factors of 27181570.
2, 5, 13, 209089
What are the prime factors of 500249782?
2, 103, 199, 12203
What are the prime factors of 129638149?
29, 4470281
List the prime factors of 2501920.
2, 5, 19, 823
List the prime factors of 53972020.
2, 5, 53, 59, 863
What are the prime factors of 185870631?
3, 3541, 17497
List the prime factors of 6057154450.
2, 5, 8527, 14207
What are the prime factors of 13586719?
1487, 9137
List the prime factors of 9134550.
2, 3, 5, 53, 383
What are the prime factors of 93923157?
3, 31307719
What are the prime factors of 74861417?
74861417
List the prime factors of 927501208.
2, 73, 1588187
What are the prime factors of 1411591011?
3, 769, 611873
What are the prime factors of 2884690064?
2, 149, 1210021
List the prime factors of 90063766.
2, 13, 359, 9649
List the prime factors of 591967093.
11549, 51257
List the prime factors of 2457739337.
71, 1867, 18541
List the prime factors of 45359226.
2, 3, 11, 107, 2141
What are the prime factors of 28564635?
3, 5, 11, 233, 743
What are the prime factors of 4259750569?
191, 22302359
List the prime factors of 260719136.
2, 307, 26539
List the prime factors of 118642374.
2, 3, 73, 30097
List the prime factors of 2017229989.
47, 151, 284237
List the prime factors of 6746218829.
7, 963745547
List the prime factors of 84867572.
2, 29, 173, 4229
What are the prime factors of 103330716?
2, 3, 8610893
List the prime factors of 11350490.
2, 5, 37, 30677
What are the prime factors of 4390405?
5, 163, 5387
What are the prime factors of 59837702?
2, 29918851
List the prime factors of 124025438.
2, 17, 3647807
List the prime factors of 3640186477.
3640186477
List the prime factors of 1201884830.
2, 5, 43, 61, 45821
What are the prime factors of 882443758?
2, 7, 63031697
What are the prime factors of 85357038?
2, 3, 13, 1094321
What are the prime factors of 15464815?
5, 17, 31, 5869
What are the prime factors of 18502092?
2, 3, 7, 73421
List the prime factors of 498023419.
498023419
List the prime factors of 2254530306.
2, 3, 7, 53679293
List the prime factors of 1524814262.
2, 762407131
List the prime factors of 27261664.
2, 881, 967
List the prime factors of 60799634.
2, 7, 2069, 2099
What are the prime factors of 449251364?
2, 23, 71, 68777
What are the prime factors of 4054854443?
29, 139822567
What are the prime factors of 22245946?
2, 47, 236659
What are the prime factors of 50425096?
2, 31, 127, 1601
List the prime factors of 3290219015.
5, 17, 38708459
What are the prime factors of 116256069?
3, 277, 46633
What are the prime factors of 67021290?
2, 3, 5, 7, 35461
What are the prime factors of 2229905937?
3, 7, 97, 1094701
List the prime factors of 296030669.
11, 26911879
List the prime factors of 113607566.
2, 17, 3341399
List the prime factors of 890532483.
3, 5903, 50287
What are the prime factors of 111966875?
5, 23, 7789
List the prime factors of 294203178.
2, 3, 1816069
List the prime factors of 2622683575.
5, 97, 1031, 1049
What are the prime factors of 641862750?
2, 3, 5, 19, 31, 1453
List the prime factors of 132375806.
2, 103, 157, 4093
List the prime factors of 79553217.
3, 17, 307, 5081
What are the prime factors of 1790475605?
5, 137, 2613833
What are the prime factors of 503246718?
2, 3, 13, 131, 16417
What are the prime factors of 33050354?
2, 239, 69143
What are the prime factors of 92711924?
2, 239, 96979
What are the prime factors of 56885944?
2, 17, 418279
What are the prime factors of 151145685?
3, 5, 281, 11953
List the prime factors of 27686397.
3, 37, 249427
What are the prime factors of 5513362674?
2, 3, 37, 1291, 19237
List the prime factors of 26831204.
2, 6707801
List the prime factors of 609863110.
2, 5, 41, 1487471
List the prime factors of 145708639.
43, 3388573
What are the prime factors of 92371488?
2, 3, 11, 87473
List the prime factors of 35980091.
7, 19, 270527
What are the prime factors of 823974784?
2, 6437303
What are the prime factors of 70776001?
257, 275393
List the prime factors of 865739748.
2, 3, 173, 417023
List the prime factors of 29074253.
13, 89, 1933
List the prime factors of 302294970.
2, 3, 5, 1119611
What are the prime factors of 285860939?
7, 13, 3141329
List the prime factors of 3151848912.
2, 3, 59, 1112941
List the prime factors of 228244220.
2, 5, 47, 242813
What are the prime factors of 3230986695?
3, 5, 61, 179, 19727
What are the prime factors of 22791004?
2, 5697751
What are the prime factors of 57113482?
2, 28556741
What are the prime factors of 173171065?
5, 101, 139, 2467
What are the prime factors of 92980620?
2, 3, 5, 41, 43, 293
What are the prime factors of 640411142?
2, 7, 45743653
List the prime factors of 88291380.
2, 3, 5, 47, 131, 239
What are the prime factors of 150231188?
2, 911, 41227
What are the prime factors of 6634272189?
3, 2211424063
What are the prime factors of 25173316?
2, 7, 23, 39089
What are the prime factors of 1600438353?
3, 149, 653, 5483
What are the prime factors of 1679026157?
227, 7396591
List the prime factors of 70279866.
2, 3, 173, 7523
What are the prime factors of 9774917?
9774917
What are the prime factors of 1646404233?
3, 548801411
What are the prime factors of 37261416?
2, 3, 17, 271, 337
List the prime factors of 4390291560.
2, 3, 5, 4483, 8161
List the prime factors of 5539416135.
3, 5, 11, 33572219
List the prime factors of 176894955.
3, 5, 23, 2477
What are the prime factors of 564446947?
71, 1151, 6907
What are the prime factors of 952033239?
3, 631, 167641
List the prime factors of 178248302.
2, 89124151
What are the prime factors of 212303335?
5, 557, 76231
What are the prime factors of 2190310152?
2, 3, 9151, 9973
What are the prime factors of 432549652?
2, 139, 283, 2749
What are the prime factors of 4329813874?
2, 71, 30491647
What are the prime factors of 25439391?
3, 409, 6911
What are the prime factors of 21805777?
7, 109, 28579
List the prime factors of 1105281970.
2, 5, 13, 283, 2311
List the prime factors of 426041666.
2, 53, 859, 4679
What are the prime factors of 362458328?
2, 337, 134443
List the prime factors of 6437225040.
2, 3, 5, 223, 120277
What are the prime factors of 29603868?
2, 3, 7, 17, 20731
What are the prime factors of 418787425?
5, 7, 2393071
List the prime factors of 24381768.
2, 3, 1015907
What are the prime factors of 2535562?
2, 257, 4933
List the prime factors of 35135528.
2, 4391941
What are the prime factors of 461584094?
2, 269, 857963
List the prime factors of 935548274.
2, 467774137
List the prime factors of 24942845.
5, 4988569
What are the prime factors of 11892408?
2, 3, 11, 107, 421
List the prime factors of 40520772.
2, 3, 29, 37, 1049
List the prime factors of 387230851.
7, 293, 188801
What are the prime factors of 1234395669?
3, 13, 31651171
What are the prime factors of 189710483?
31, 227, 26959
List the prime factors of 7683189795.
3, 5, 1123, 1877
List the prime factors of 371658941.
11057, 33613
List the prime factors of 66695431.
11, 6063221
What are the prime factors of 333942353?
37, 2377, 3797
What are the prime factors of 175852838?
2, 7, 197, 63761
List the prime factors of 434393981.
7, 62056283
What are the prime factors of 217723711?
199, 1094089
What are the prime factors of 307981882?
2, 13, 47, 19387
What are the prime factors of 348959317?
7, 49851331
List the prime factors of 150542525.
5, 7, 53, 16231
List the prime factors of 2766514460.
2, 5, 138325723
What are the prime factors of 3910278980?
2, 5, 5927, 32987
List the prime factors of 53432356.
2, 257, 51977
List the prime factors of 186767372.
2, 11, 17, 22699
What are the prime factors of 454866506?
2, 227433253
List the prime factors of 1667478451.
257, 6488243
List the prime factors of